what is 1 - 11?
-10
In base 12, what is -6296 + 0?
-6296
In base 3, what is -2212012 - 12?
-2212101
In base 10, what is -41 - -174?
133
In base 14, what is -4 - -3b2?
3ac
In base 15, what is 3 + c?
10
In base 5, what is -3132211 + -2?
-3132213
In base 2, what is 11 - 10010011110?
-10010011011
In base 9, what is -311 + -3?
-314
In base 14, what is -4 + 13a?
136
In base 11, what is 15a7 + -4?
15a3
In base 14, what is -c + 11?
3
In base 8, what is 145 - 126?
17
In base 6, what is -251 + 201?
-50
In base 14, what is -64 - 2?
-66
In base 16, what is 5b - 2?
59
In base 6, what is 120 - -5?
125
In base 9, what is 360 + -5?
354
In base 14, what is -250 + 5?
-249
In base 11, what is -3 + 236?
233
In base 5, what is -433 + -14?
-1002
In base 8, what is 5 - 166?
-161
In base 7, what is -222 + 1?
-221
In base 2, what is 1100011001 + 10011?
1100101100
In base 9, what is -1 - -133?
132
In base 16, what is 64 - 3?
61
In base 9, what is 2 + -217?
-215
In base 13, what is -2a4 - -a?
-297
In base 10, what is -3 + 868?
865
In base 7, what is 41 + -414?
-343
In base 2, what is -101001001 - -101?
-101000100
In base 4, what is -23 - 103?
-132
In base 5, what is -14411 - 0?
-14411
In base 12, what is -37 - -9?
-2a
In base 11, what is -482 + -3?
-485
In base 16, what is -3 + -11d?
-120
In base 4, what is -122 - 12?
-200
In base 16, what is -9 - 14?
-1d
In base 6, what is -1 - 531?
-532
In base 11, what is -3 + -2a53?
-2a56
In base 4, what is 10 - -101?
111
In base 6, what is -121 + 2?
-115
In base 13, what is -4 - 6c?
-73
In base 10, what is 69 - -419?
488
In base 5, what is -10 + 330?
320
In base 2, what is -10 + 111001010?
111001000
In base 6, what is -1 - -32?
31
In base 16, what is -997 + 2?
-995
In base 5, what is 221122 - 3?
221114
In base 8, what is -2723 + 2?
-2721
In base 2, what is -1010 - -11110?
10100
In base 14, what is 7 + -a?
-3
In base 14, what is -9 - b?
-16
In base 14, what is -98a - -5?
-985
In base 11, what is -116 + 1?
-115
In base 14, what is -3 - 18c?
-191
In base 6, what is -222 - -5?
-213
In base 16, what is -1654 - 4?
-1658
In base 11, what is -8426 + -5?
-8430
In base 11, what is 396 - -1?
397
In base 5, what is 11 + -440?
-424
In base 11, what is -3 + 1a21?
1a19
In base 9, what is 1467 - 4?
1463
In base 11, what is 8266 + 4?
826a
In base 2, what is 0 - -100111110?
100111110
In base 8, what is 0 - 31?
-31
In base 4, what is 301 - 11?
230
In base 7, what is 1360 - 1?
1356
In base 7, what is -214 + -6?
-223
In base 8, what is 12 - 61?
-47
In base 5, what is 10 - -23?
33
In base 4, what is -1130 + -1?
-1131
In base 11, what is 3772 + -2?
3770
In base 6, what is -2 - -30?
24
In base 10, what is -108 + -2?
-110
In base 6, what is 21 - 354?
-333
In base 9, what is -2 + -1281?
-1283
In base 3, what is -11 - 12221?
-20002
In base 9, what is 78218 + 5?
78224
In base 14, what is 5899 + 4?
589d
In base 14, what is -7 + -1d?
-26
In base 16, what is 458 + -2?
456
In base 5, what is 0 - -322?
322
In base 6, what is 34304 - -5?
34313
In base 12, what is 2 + -66?
-64
In base 3, what is 1200 + -10012?
-1112
In base 12, what is -41 + 5?
-38
In base 9, what is 0 + -501?
-501
In base 8, what is 3 - -21?
24
In base 15, what is -4d1 - 0?
-4d1
In base 3, what is -11 + 112000?
111212
In base 4, what is 0 - 320?
-320
In base 15, what is 21 - 7?
19
In base 16, what is 27 - 5?
22
In base 13, what is -c7 + 1?
-c6
In base 2, what is -10010010 + 101?
-10001101
In base 8, what is -3 + -12526?
-12531
In base 15, what is 4 + -11?
-c
In base 13, what is -7c4 + 4?
-7c0
In base 9, what is 4 - 44?
-40
In base 4, what is 11 + 1323?
2000
In base 10, what is -10250 + -2?
-10252
In base 14, what is 5 + 11?
16
In base 9, what is -338 + 6?
-332
In base 2, what is -101111 + -11110100?
-100100011
In base 4, what is 2203112 + 3?
2203121
In base 6, what is 104153 - 3?
104150
In base 10, what is -1 + -1870?
-1871
In base 10, what is -364 + 0?
-364
In base 5, what is -12113 + 4?
-12104
In base 3, what is -10 + 1102212?
1102202
In base 12, what is 258b - 5?
2586
In base 7, what is 12 - 250?
-235
In base 5, what is 2 + -110?
-103
In base 15, what is a - -ee?
109
In base 7, what is 4 + 4640?
4644
In base 4, what is 32 + 3230?
3322
In base 6, what is 201 - 4?
153
In base 12, what is -107 + -6?
-111
In base 7, what is -13 - 500?
-513
In base 11, what is -2 + -58a?
-591
In base 5, what is 2 - -30?
32
In base 3, what is 20 + -102?
-12
In base 14, what is -122 + 2?
-120
In base 10, what is -1 + -33?
-34
In base 5, what is 44 - -4?
103
In base 3, what is -1001 + -2211?
-10212
In base 3, what is -12 - 211210?
-211222
In base 7, what is 15155 + 1?
15156
In base 7, what is -2 - -31212?
31210
In base 8, what is 215 - -2?
217
In base 9, what is -427 + -22?
-450
In base 13, what is c - -71?
80
In base 11, what is -5 + 18?
13
In base 8, what is -60 + -3?
-63
In base 15, what is 2ae + -1?
2ad
In base 7, what is 11 - -5?
16
In base 13, what is 0 + -179?
-179
In base 8, what is 4 + 27?
33
In base 13, what is 10 - 140?
-130
In base 14, what is -44 + 3?
-41
In base 14, what is -c5 - 1?
-c6
In base 2, what is -10 - 11101010001?
-11101010011
In base 10, what is 41 - 28?
13
In base 8, what is -14264 - -1?
-14263
In base 4, what is -2132 + 111?
-2021
In base 3, what is -12 - 2010020?
-2010102
In base 10, what is 2358 - -5?
2363
In base 6, what is 122130 + -5?
122121
In base 3, what is 11 - -1010?
1021
In base 8, what is 1103 + 4?
1107
In base 13, what is -4 - 32?
-36
In base 8, what is 5 - -4754?
4761
In base 16, what is -5 + -1d?
-22
In base 8, what is -70 - -5?
-63
In base 10, what is 0 - -19?
19
In base 4, what is 11 + 2011213?
2011230
In base 6, what is -35 - 10?
-45
In base 4, what is -11 - -11311?
11300
In base 11, what is -5 - -62?
58
In base 14, what is 4 - 12?
-c
In base 11, what is 22 + -5?
18
In base 12, what is -1079 - 2?
-107b
In base 3, what is -220011 - 1100?
-221111
In base 7, what is 1 + -60?
-56
In base 10, what is -26 - 26?
-52
In base 5, what is 2 + 430?
432
In base 16, what is 5 + -3e?
-39
In base 14, what is -4 - -5cd?
5c9
In base 4, what is 1 + -10320?
-10313
In base 13, what is -216 - 3?
-219
In base 11, what is -1151 + -3?
-1154
In base 7, what is 2 + 56?
61
In base 16, what is -19 - -206?
1ed
In base 3, what is -10200 - 2?
-10202
In base 7, what is -4 - -435?
431
In base 5, what is -200222 - 1?
-200223
In base 14, what is 96 - 2?
94
In base 15, what is 86 + 2?
88
In base 4, what is 3 - -1323313?
1323322
In base 4, what is -3102 + 1?
-3101
In base 15, what is -4 + a3?
9e
In base 5, what is -10 + -40010?
-40020
In base 4, what is -11 + -1231?
-1302
In base 7, what is -4 - 243?
-250
In base 13, what is -17 + -3b2?
-3c9
In base 8, what is 4154 - 0?
4154
In base 6, what is 5 - 10553?
-10544
In base 12, what is 5 + 311?
316
In base 8, what is 25 + -24?
1
In base 15, what is -1 + 4e?
4d
In base 9, what is 111 - 3?
107
In base 5, what is -42 - -1003?
411
In base 9, what is -2 - -134?
132
In base 15, what is -3 + 2c?
29
In base 7, what is 4 + 3124?
3131
In base 4, what is -3 + -2222?
-2231
In base 5, what is 121 + 12?
133
In base 14, what is 2 - 2c1?
-2bd
In base 16, what is fb8 - -6?
fbe
In base 16, what is 41 - -d?
4e
In base 7, what is 40026 + 0?
40026
In base 4, what is -1 + 101311?
101310
In base 11, what is 8 + 453?
460
In base 15, what is 2 - 61?
-5e
In base 4, what is 13 + 332?
1011
In base 6, what is -1 - -4535?
4534
In base 3, what is -121 + 2?
-112
In base 2, what is 111000010 - -101?
111000111
In base 7, what is -311 - 4?
-315
In base 6, what is -3 - -4351?
4344
In base 9, what is 5 - 1342?
-1336
In base 15, what is 5 - -d2?
d7
In base 2, what is 0 - -1000?
1000
In base 9, what is 1040 + -43?
886
In base 4, what is 11 - 10033?
-10022
In base 2, what is 11001 + 1110?
100111
In base 8, what is 0 - -6?
6
In base 3, what is -112220 - -12?
-112201
In base 10, what is 3 + -26?
-23
In base 16, what is 3 + 55?
58
In base 11, what is -12a - -4?
-126
In base 13, what is -434 - 19?
-450
In base 8, what is 434 + 4?
440
In base 15, what is -a1e + 4?
-a1a
In base 15, what is -a + -1a?
-25
In base 9, what is -10 + -20?
-30
In base 16, what is 22 - -3?
25
In base 13, what is 41 + 10?
51
In base 3, what is 102 + 20111?
20220
In base 8, what is 14200 - -5?
14205
In base 15, what is 10c - -13?
120
